(-5) - (-33)/5. Calculate the highest common divisor of a and d.
2
Let y be (2/7)/((-3)/(-21)). Let s be 2/(10/(-14) + 1). Let p = s + y. Calculate the greatest common factor of 9 and p.
9
Let l(h) = h**2 - 6*h + 3. Let x be l(6). Let k(a) = 2*a**2 - 2*a - 2. Let g be k(x). Let z = 27 + -17. What is the highest common factor of g and z?
10
Let u(x) = x**2 + 4*x + 4. Let a be u(-4). Let g be a/(-14) - (-60)/14. Let d be (14 - -6)/5 + -3. What is the greatest common divisor of d and g?
1
Suppose -3*y = -8 - 1. Let h be (4 - y)*40/1. Calculate the greatest common divisor of 20 and h.
20
Suppose -2*j + 5*u = -55, 5*j + 65 = u + 260. What is the greatest common factor of 100 and j?
20
Suppose 0 = 2*n - 3*n + 1. Let b be ((-3)/(-4))/((-3)/12). Let h be 1/(b/(-6)) + 2. Calculate the greatest common divisor of n and h.
1
Let p = 5 - 2. Suppose -3*o + 56 = 5*g, 5*g + o + o = 54. Let x be (-2)/4 - (-65)/g. Calculate the highest common divisor of p and x.
3
Let j = 16 - 10. Let x be j + (-5 - -2) + -3. Suppose -2*r - 44 = -2*c, -3*r + 6 = c - x*r. What is the highest common divisor of 144 and c?
18
Let n(w) = 9*w**2 + 2 - 1 + 5 - w**3 + 3 - 5*w. Let c be n(7). What is the highest common factor of c and 24?
24
Let r(h) = -3*h - 9. Let z be r(-6). What is the highest common divisor of z and 9?
9
Let n = 1 - -2. Let a(t) = 9*t - 7. Let u(r) = -r + 1. Let d(l) = a(l) + 4*u(l). Let x be d(n). What is the greatest common divisor of x and 132?
12
Let v(j) be the second derivative of 5*j**4/2 + j**3/6 + j**2/2 + j. Let c be v(-1). Calculate the greatest common factor of c and 75.
15
Let a be 42/(-56) - 83/(-4). Calculate the highest common factor of 10 and a.
10
Let s be -6 + 6 - -2*1. What is the highest common factor of 10 and s?
2
Suppose 2 = -4*d - 3*x, 2*x = -d + 1 - 4. Let a(h) = 10*h**3 + h**2 - h + 1. Let g be a(1). What is the highest common divisor of d and g?
1
Let q be (-188)/(-20) + (-3)/(-5). Let y(t) = 12*t**2 + 2. Let i be y(3). Calculate the greatest common factor of q and i.
10
Suppose -119 = -4*u - 3*c - 24, -4*u = 2*c - 90. What is the greatest common divisor of 30 and u?
10
Suppose -17 = n - 19. Calculate the highest common factor of 22 and n.
2
Let x(f) = -f**2 + 31*f + 13. Let s be x(16). Calculate the highest common divisor of 23 and s.
23
Let p be (7 - -37) + (1 - 0). What is the highest common divisor of p and 9?
9
Suppose -4*i = -0*i + 2*f - 24, 2*i - 4*f - 32 = 0. Let l(t) = t**2 - 9*t + 3. Let w be l(6). Let n = w - -47. What is the greatest common divisor of i and n?
8
Suppose -3*b + 5 = -4*t, 2*t - 22 = -2*b - 0. What is the greatest common divisor of b and 14?
7
Let i = -31 + 51. Suppose -4*u = 2*u - 960. Calculate the greatest common factor of u and i.
20
Let y be ((-5)/(-2))/((-2)/(-144)). Let i = 197 + y. Suppose 3*x - i = 19. Calculate the greatest common factor of 12 and x.
12
Let y = 264 + -147. What is the highest common divisor of 13 and y?
13
Suppose 2*b - 4*i = 30, 8*i - 33 = -5*b + 4*i. Let g be 1*(-3)/(1 - 2) + 0. What is the highest common factor of b and g?
3
Let k be ((10 - 4)/18)/(2/138). Calculate the highest common factor of k and 69.
23
Let b(q) = -4*q. Let p(k) = -14*k**3 + k - 1. Let n be p(1). Let x = n + 8. Let v be b(x). What is the highest common divisor of v and 192?
24
Let x be 2*(3/2 - -1). Suppose -2*j + 5 + x = 0. Let s be 6/(-15) + (-554)/(-10). What is the greatest common factor of s and j?
5
Suppose 0 = -5*x + 20, -5*s + x = 25 + 4. Let v = -4 - s. Let h be (v - -9) + (-1 - -1). What is the greatest common factor of h and 5?
5
Suppose 75 = 4*x + 463. Let y = x + 146. Let o(u) = -u**3 - 6*u**2 + 7. Let r be o(-6). Calculate the greatest common factor of y and r.
7
Let a = 1117 - 89. Let u = a + -676. Suppose 0*c = -4*s - 4*c + u, 272 = 3*s + 5*c. Calculate the greatest common factor of s and 12.
12
Let h(c) = 2*c - 3. Let i be h(3). Let s(p) = 5*p**2 - 3*p + 4. Let n be s(i). Calculate the greatest common factor of n and 16.
8
Let l(s) = -s**3 + 8*s**2 - 7*s + 8. Let t be l(7). Let f(q) = -1 + q**2 + 9*q - q + 0*q. Let a be f(-9). Calculate the highest common divisor of t and a.
8
Suppose 46 = 4*m - 34. Let a = m + 34. Let y(j) = j**3 + 7*j**2 - 9*j - 2. Let w be y(-8). Calculate the highest common factor of a and w.
6
Let s = 99 - 59. Let u = 7 + -11. Let n be ((-10)/(-2))/((-1)/u). What is the highest common factor of n and s?
20
Let z(g) = g**3 + 8*g**2 + 5*g + 10. Let j be z(-8). Let n be j/((-4)/(-8) + -2). Calculate the greatest common factor of 8 and n.
4
Let q be (1 - 78)/(17/(-51)). What is the highest common divisor of 21 and q?
21
Let n(c) = -c**3 - 4*c**2 + 2. Suppose -22*s + 23*s = -4. Let x be n(s). What is the greatest common divisor of 6 and x?
2
Let c be -1*21/(1 - 0). Let t be 6/c + (-321)/(-21). What is the highest common divisor of 165 and t?
15
Let p be (-308)/(-9) + (-10)/45. What is the greatest common divisor of 51 and p?
17
Let k(d) = -13*d + 1. Let c be k(2). Let o = -34 + -4. Let y = c - o. Calculate the greatest common factor of 104 and y.
13
Suppose 0 = 2*q + 3*s - 16 - 20, -4*q + 68 = 5*s. What is the greatest common factor of q and 132?
12
Let d(h) = -2*h + 2. Let j be d(-15). Let z(g) = 16*g. Let r be z(5). Calculate the greatest common factor of r and j.
16
Let y(d) = d**3 + 8*d**2 + 8*d + 5. Let u be y(-7). Let l = 5 + u. Let p be (l*6)/(-3)*-2. What is the highest common divisor of p and 30?
6
Let q be 6/(-3*(-3)/27). What is the highest common factor of 144 and q?
18
Suppose -2*s = 2*x - 114, 5*x + 4*s - 325 = -42. Suppose 14 = -i + 49. Let j = x - i. Calculate the greatest common divisor of 30 and j.
10
Let o(t) = -4*t**3 - t**2 - t. Let h be o(-2). Let x(w) = -6*w - 2. Let j be x(-2). Calculate the highest common divisor of h and j.
10
Suppose -2*f + 180 = -0*f. Suppose 0*c + 12 = -4*h + 4*c, -2*h = c + 15. Let r(m) = -m + 4. Let g be r(h). Calculate the greatest common factor of g and f.
10
Let u be 2/(-11) - (-70)/22. Suppose -9 - 18 = -u*a. Let z = 5 + a. Calculate the greatest common divisor of z and 140.
14
Let i = -13 - -35. What is the highest common divisor of i and 154?
22
Suppose 3*c + 41 = 5*i - 17, -5*i + 5*c + 60 = 0. Calculate the highest common divisor of i and 11.
11
Let n(u) = -3*u + 0 - 6 - 3*u. Let i be n(-6). What is the greatest common factor of 10 and i?
10
Let t be (25 - 1)*2/(-4). Let o = 0 - -3. Let m be (34/(-8))/(o/t). Calculate the greatest common factor of m and 85.
17
Let i(c) = c + 6. Suppose 0 = -5*s + 25, 4*s - 33 - 17 = -5*h. Let d be i(h). What is the highest common factor of 60 and d?
12
Let x = -1 - -9. Calculate the greatest common factor of x and 20.
4
Suppose d + d = 30. Let j be (7*6)/(10/d). What is the highest common divisor of 21 and j?
21
Let v(g) = -g - 11. Let u be v(-9). Let a be u/(-10) - 96/(-20). Suppose 0 = -0*h + a*h - 420. Calculate the greatest common factor of h and 21.
21
Let l be (12/16)/((-2)/(-8)). Let h be ((-5)/l)/((-2)/6). Suppose 3*d = -h*y + 28, -4*y - d + 16 = 3*d. What is the greatest common factor of y and 2?
2
Let q = 27 - 21. What is the highest common divisor of q and 15?
3
Suppose -684 = -4*c - 3*t, 2*c - t - 348 = -4*t. Calculate the highest common divisor of 24 and c.
24
Let l be (1 - -16)/(4 - 3). Calculate the greatest common divisor of 153 and l.
17
Let x be (20/12)/(-5)*-189. What is the highest common factor of x and 42?
21
Suppose 4*k - 2 - 6 = 0. Suppose j = k*j - 3*i + 19, -j + 2*i = 19. Let n = -13 - j. What is the highest common divisor of n and 6?
6
Suppose 0 = -4*c - 9 + 33. What is the greatest common divisor of 1 and c?
1
Let o = 80 + 224. Let t = o - 209. Let l = -5 + 24. What is the highest common factor of l and t?
19
Let z(c) = -c**3 + 4*c**2 + 4*c - 9. Let b be z(4). What is the greatest common divisor of b and 7?
7
Let g = 0 - -4. Let n(j) = -2 + 0*j - 4*j**3 + 2*j + g*j**2 + 5*j**3. Let m be n(-2). What is the greatest common divisor of 4 and m?
2
Let m be 2/6 + (-50)/(-30) + 22. Calculate the highest common factor of 60 and m.
12
Let v(l) = l**2 + 1. Let s be v(-3). Calculate the highest common factor of s and 5.
5
Suppose -3*c + 4*x = -412, -4*c = -10*x + 5*x - 549. What is the highest common factor of 34 and c?
34
Suppose -2*s = s - 12. Suppose 5*t = 5, s*t - 2